 = -8*a - 3. Determine h(-6).
45
Let h(c) = 11*c + 1. Calculate h(-2).
-21
Let o(c) = -24*c + 68. Determine o(3).
-4
Let u(t) = -t**2 - 4*t - 4. What is u(5)?
-49
Let k(s) = s**3 + 9*s**2 - 14*s - 32. Give k(-10).
8
Let f(y) = 7*y + 39. What is f(-5)?
4
Let m(l) = l**3 + 4*l**2 - 4*l + 6. Determine m(-5).
1
Let y(a) = -a**3 + 7*a**2 - a + 12. Calculate y(7).
5
Let p(h) = -h**2 + 20*h - 58. Calculate p(16).
6
Let g(o) = -2*o - 38. Give g(-17).
-4
Let s(w) = -w**3 - 3*w**2 + 4*w + 3. Determine s(-4).
3
Let o(f) = f**2 - 8*f + 1. Determine o(11).
34
Let u(t) = -t**3 + 14*t**2 + 13*t + 25. What is u(15)?
-5
Let h(d) = 9*d - 29. Calculate h(-7).
-92
Let l(x) = 6*x**2 + 5*x - 8. Determine l(-4).
68
Let r(n) = n**2 - 3*n - 18. Determine r(6).
0
Let b(c) = c**3 + 2*c**2 - 16*c - 21. Calculate b(-5).
-16
Let q(c) = c**2 - 38*c + 254. Give q(29).
-7
Let f(c) = 2*c + 2. Calculate f(-4).
-6
Let i(v) = -v**3 - 11*v**2 - 12*v - 16. What is i(-10)?
4
Let t(m) = m**2 + 5*m - 28. Determine t(-9).
8
Let d(u) = u**2 - 24*u + 96. Determine d(19).
1
Let a(p) = 3*p**2 - 6*p + 9. What is a(2)?
9
Let k(w) = w**3 - 6*w**2 + 3*w + 2. Calculate k(4).
-18
Let p(m) = -7*m + 161. Determine p(23).
0
Let y(p) = p**3 - 5*p**2 - 3*p - 8. Determine y(6).
10
Let g(c) = -4*c + 44. Give g(9).
8
Let w(b) = b**2 - 5*b - 1. What is w(6)?
5
Let s(w) = -9*w + 115. Determine s(12).
7
Let l(i) = 3*i**3. What is l(-2)?
-24
Let k(t) = t**2 + 13*t + 5. Calculate k(-6).
-37
Let i(m) = m**2 + 9*m + 5. Calculate i(-2).
-9
Let h(p) = -p**2 + 6*p - 1. Calculate h(7).
-8
Let j(v) = v**3 + 8*v**2 + 7*v + 4. What is j(-7)?
4
Let w(x) = 5*x. Determine w(4).
20
Let t(x) = x**2 + 19*x - 19. Determine t(-20).
1
Let x(f) = 106*f - 1392. Calculate x(13).
-14
Let s(b) = b**3 - 17*b**2 + 21*b - 86. Give s(16).
-6
Let x(m) = m**3 - m**2 - 6*m - 9. Determine x(4).
15
Let p(c) = -3*c + 1. Give p(-1).
4
Let t(j) = 17*j**3 - j**2 - 4*j + 4. Give t(1).
16
Let i(r) = -2*r**3 - 20*r**2 + 2*r + 6. Determine i(-10).
-14
Let s(r) = 10*r - 29. Calculate s(3).
1
Let o(q) = 14*q + 90. Determine o(-6).
6
Let g(y) = 12*y + 504. Calculate g(-43).
-12
Let u(l) = l**3 + 7*l**2 + 6*l - 4. Calculate u(-6).
-4
Let l(a) = -108*a + 219. Give l(2).
3
Let u(v) = -v**3 + 21*v**2 - 68*v - 26. Determine u(17).
-26
Let i(j) = 28*j - 81. Give i(7).
115
Let q(o) = 2*o - 18. Calculate q(-16).
-50
Let i(o) = o**3 - 8*o**2 + 15*o. Give i(3).
0
Let u(a) = -2*a**2 + a + 55. Calculate u(-6).
-23
Let r(a) = -23*a - 85. Determine r(-3).
-16
Let q(w) = -15*w + 11. What is q(1)?
-4
Let h(t) = 16*t**2 - 5*t - 3. Calculate h(-1).
18
Let v(u) = u**2 - 7*u - 9. Give v(7).
-9
Let s(u) = -u**3 + 13*u**2 - 14*u + 6. Determine s(12).
-18
Let d(v) = v**3 + 15*v**2 + 12*v + 9. Calculate d(-14).
37
Let b(t) = -2*t + 29. Give b(12).
5
Let g(o) = 5*o - 6. Calculate g(-11).
-61
Let h(k) = -5*k - 136. Calculate h(-24).
-16
Let a(k) = -k - 4. Calculate a(14).
-18
Let u(d) = -d**2 - 10*d - 15. What is u(-3)?
6
Let o(j) = 8*j**3 + 2*j - 3. Determine o(2).
65
Let a(y) = -y - 27. Calculate a(7).
-34
Let g(f) = -9*f - 2. Determine g(3).
-29
Let u(w) = -w**3 + 3*w**2 - 2. Determine u(2).
2
Let j(a) = a**2 + 14*a + 7. Calculate j(-15).
22
Let z(p) = 153*p**2 - p - 3. Determine z(0).
-3
Let b(z) = -2*z + 3. Determine b(-2).
7
Let x(c) = c**2 + 9*c + 10. Calculate x(-10).
20
Let a(p) = 21*p - 95. Calculate a(5).
10
Let x(q) = -2*q**2 - 22*q + 17. Give x(-12).
-7
Let i(h) = 39*h - 78. Give i(2).
0
Let q(i) = -26*i + 36. Determine q(1).
10
Let f(a) = -3*a**3 + 2*a**2 + 6*a - 2. Give f(3).
-47
Let z(m) = 16*m - 32. What is z(2)?
0
Let x(i) = 21*i + 29. Give x(-3).
-34
Let u(t) = 7*t + 12. Calculate u(-4).
-16
Let z(t) = t**2 + 6*t. Determine z(-4).
-8
Let w(n) = -2*n**2 + 10*n - 18. Give w(4).
-10
Let d(o) = o**2 + 11*o + 12. Determine d(0).
12
Let j(p) = 8*p + 78. Calculate j(-9).
6
Let n(y) = y**2 - 5*y - 2. What is n(4)?
-6
Let z(j) = -j**3 + 9*j**2 - 20*j + 14. Determine z(6).
2
Let m(y) = 14*y - 92. Determine m(7).
6
Let n(h) = -h**3 - 11*h**2 + 2*h + 13. What is n(-11)?
-9
Let v(s) = s**2 + 19*s + 55. Give v(-16).
7
Let x(u) = 12*u - 122. Determine x(10).
-2
Let u(y) = -y**2 + 5*y + 23. Give u(7).
9
Let t(g) = -38*g - 2. Calculate t(1).
-40
Let w(f) = -f**2 + f + 2. What is w(2)?
0
Let q(j) = 3*j**2 + 3*j - 5. What is q(-5)?
55
Let y(z) = z**3 - 32*z**2 + 61*z - 35. Determine y(30).
-5
Let u(f) = 17*f + 130. Determine u(-8).
-6
Let z(f) = 46*f**2 - 2*f. What is z(-1)?
48
Let p(a) = -2*a**3 - 8*a**2 - 11*a - 22. What is p(-3)?
-7
Let n(d) = d**3 + 15*d**2 - 36*d - 34. Give n(-17).
0
Let v(c) = -4*c**2 + 11*c + 4. What is v(3)?
1
Let z(d) = d**2 + 6*d - 61. Calculate z(5).
-6
Let a(m) = -m**3 + 7*m**2 + 6*m - 5. Calculate a(8).
-21
Let b(p) = -p**3 + 5*p**2 - 5*p + 2. Determine b(4).
-2
Let g(y) = -4*y**2 + 91*y - 63. Give g(22).
3
Let f(g) = -g**3 - 9*g**2 - 4*g - 1. Determine f(-9).
35
Let c(s) = -s**2 + 10*s - 3. Give c(13).
-42
Let k(g) = 6*g**3 - 115*g**2 + 18*g + 22. Calculate k(19).
3
Let x(s) = s**2 + 17*s - 22. What is x(-20)?
38
Let m(q) = q**2 + 15*q + 21. Give m(-10).
-29
Let j(g) = 31*g + 9. Give j(-1).
-22
Let u(w) = 13*w + 437. What is u(-34)?
-5
Let r(c) = c**2 - 13*c + 16. What is r(3)?
-14
Let b(g) = 3*g**2 - 16*g - 21. What is b(10)?
119
Let w(f) = 5*f - 6. Give w(-5).
-31
Let v(n) = -106*n**3 - 3*n**2 - n + 1. What is v(-1)?
105
Let m(p) = 3*p**2 - 1. What is m(1)?
2
Let d(f) = f**2 + 11*f - 1. Give d(-11).
-1
Let u(b) = b**2 - 15*b + 35. Give u(3).
-1
Let d(s) = -s**3 + 5*s**2 + 36*s + 5. Give d(9).
5
Let a(g) = -13*g + 139. What is a(9)?
22
Let z(i) = -5*i**3 - 2*i**2 - i + 1. Give z(-2).
35
Let f(b) = -b**3 + 7*b**2 - 2*b - 3. Give f(7).
-17
Let i(n) = n**2 + 17*n + 36. What is i(-14)?
-6
Let d(o) = -o**3 - 3*o**2 + 25. Give d(-5).
75
Let q(i) = i**3 + 10*i**2 - i + 7. Determine q(-10).
17
Let u(z) = -z**2 + 10*z + 13. What is u(10)?
13
Let o(w) = -w**2 - 12*w - 17. Calculate o(-10).
3
Let z(f) = f**3 + 4*f**2 - 6*f - 3. What is z(-4)?
21
Let k(c) = c**3 - 10*c**2 - 46*c + 386. Determine k(11).
1
Let n(a) = -6*a + 15. What is n(15)?
-75
Let j(u) = -u**3 + 9*u**2 - 4*u + 34. Give j(9).
-2
Let r(d) = -3*d - 7. Give r(7).
-28
Let n(r) = r - 46. Determine n(0).
-46
Let v(y) = -37*y + 5. Calculate v(-1).
42
Let b(d) = d**3 + d**2 - 5*d - 6. Determine b(-3).
-9
Let f(i) = i**2. What is f(-1)?
1
Let d(q) = q**2 - 9*q - 17. Give d(5).
-37
Let g(m) = m**3 - 8*m**2 + 12*m - 10. What is g(6)?
-10
Let w(h) = h**3 - 3*h**2 - 16*h - 13. Calculate w(6).
-1
Let z(y) = -4*y**2 - 21*y - 2. Give z(-5).
3
Let o(z) = -15*z + 7. What is o(1)?
-8
Let i(f) = 2*f**3 - 9*f**2 + 8*f - 2. Give i(3).
-5
Let b(o) = o**3 + 7*o**2 - 7*o - 7. Give b(-8).
-15
Let x(m) = -m**3 + 3*m**2 + 3*m + 11. What is x(4)?
7
Let j(o) = o**3 + 9*o**2 + 6*o - 8. Give j(-8).
8
Let l(k) = 2*k**2 - 3*k - 7. Calculate l(3).
2
Let s(d) = -4*d - 18. What is s(-9)?
18
Let p(r) = -r**2 - 6*r + 58. Give p(-11).
3
Let u(d) = d**2 - d. Calculate u(-2).
6
Let z(n) = -n**2 - 4*n + 1. Determine z(-3).
4
Let l(y) = -9*y - 104. Determine l(-12).
4
Let r(a) = 2*a**3 - 49*a**2 - 24*a - 30. Calculate r(25).
-5
Let g(m) = -6*m**2 + 347*m + 42. What is g(58)?
-16
Let a(z) = -z**3 + 2*z + 11. Determine a(0).
11
Let z(r) = -32*r**3 + 4*r**2 - 2*r - 1. Calculate z(1).
-31
Let x(p) = p**2 - 3*p - 3. What is x(4)?
1
Let z(u) = -8*u - 100. What is z(-11)?
-12
Let m(f) = -f + 14. What is m(-6)?
20
Let x(f) = -4*f + 3. What is x(6)?
-21
Let h(v) = -17*v - 3. Determine h(-2).
31
Let l(j) = -4*j + 2. Calculate l(-4).
18
Let z(x) = -x**3 - 7*x**2 + 29*x - 29. Give z(-10).
-19
Let k(a) = 3*a - 31. What is k(19)?
26
Let r(d) = -d**3 - 10*d**2 - 7*d + 12. Calculate r(-9).
-6
Let y(p) = p**3 + p**2 + 2*p - 5. Determine y(0).
-5
Let z(j) = -9*j - 7. Calculate z(0).
-7
Let n(u) = -2*u**2 + 18*u + 5. Give n(7).
33
Let z(o) = -o**2 - 6*o + 2. Calculate z(-6).
2
Let r(a) = -a**2 - 44*a - 10. Determine r(-44).
-10
Let r(t) = -13*t + 65. Give r(5).
0
Let i(t) = -11*t**2 - 25*t - 47. What is i(-2)?
-41
Let p(d) = -12*d**2 + 4*d. What is p(1)?
-8
Let j(q) = -q - 8. What is j(6)?
-14
Let t(p) = p**2 - 13*p + 15. What is t(11)?
-7
Let r(u) = -u**3 - 4*u**2 + 7*u + 12. Determine r(-5).
2
Let i(s) = s. What is i(-2)?
-2
Let v(f) = 6*f - 12